t of f?
2
Let g(t) = -t**3 + 16*t**2 + 17*t. Suppose 6 + 62 = 4*w. Let n be g(w). Suppose n = -4*u - 8 + 68. What is the tens digit of u?
1
Let r be -1 - -1 - (6 + 105). Let b = 193 + r. What is the tens digit of b?
8
Suppose 0 = -5*p - 5, 3*p + 737 = 2*h. What is the hundreds digit of h?
3
Let c = 69 + -40. Suppose -30*a + 85 = -c*a. What is the units digit of a?
5
Suppose -14*d + 1630 + 1086 = 0. What is the tens digit of d?
9
Let j(a) = -5*a**2 + a + 4. Let h(d) = 9*d**2 - 2*d - 7. Let i(k) = 3*h(k) + 5*j(k). Suppose -14*w = -17*w, -2*r - 2 = 3*w. What is the units digit of i(r)?
2
Let u(s) = s - 1. Let a be u(5). Suppose 5*w - 4 = -2*c - 0, 4*c - 8 = -3*w. Suppose -3*v - a*z = -158, 0 = z + c - 4. What is the units digit of v?
0
Let p = -70 + 68. Let y = p + 145. What is the hundreds digit of y?
1
Suppose 5*w + 598 = -4*v, 0 = v - 2*v + 3*w - 158. Let j = -107 - v. What is the tens digit of j?
4
Let l(o) = -o**2 - 18*o - 16. Let g be (-5)/1*(1 - 2). Suppose g*u - 47 = -132. What is the units digit of l(u)?
1
Let p(w) = -13*w + 86. Let s be p(6). Suppose 13*q = -2*h + s*q + 55, 71 = 3*h - 4*q. What is the tens digit of h?
2
Suppose 2*n - 159 = -n. Let s = 75 - n. What is the units digit of s?
2
Suppose 2*t + 3*t + 4*v = 269, 4*v = t - 49. What is the tens digit of t?
5
Suppose -3*q - 48 - 21 = 0. Let s = 7 + q. Let d = s + 33. What is the units digit of d?
7
What is the tens digit of (-11296)/(-28)*(-1 + (-72)/(-16))?
1
Let u(h) = 43*h**3 + 3*h**2 + h - 2. Let g be u(1). What is the tens digit of 4 - ((-6)/(-3) - g)?
4
Suppose 950 + 925 = 3*z. What is the units digit of z?
5
Let n be (-3)/12 + (-42)/(-8). Suppose 0 = -3*x + x + 2*h + 2, n*x + h - 23 = 0. Suppose -5*l = -l - x*a - 104, 0 = -l + 4*a + 26. What is the units digit of l?
6
Suppose -5*h + w + 5982 = 0, -5*w + 1186 = h - 0*w. Suppose 9*b - h = -89. What is the hundreds digit of b?
1
Let f = 19 + -16. Suppose f*i - 68 = i. What is the tens digit of i?
3
Suppose -5*y - 195 - 235 = 0. Let w = y + 140. Suppose 3*f - w = f - 5*t, 76 = 3*f + 5*t. What is the units digit of f?
2
Let q(y) = 3*y**2 - 10*y - 2. Let p be q(5). Suppose 0 = p*j - 20*j - 609. What is the tens digit of j?
0
Suppose -2*o + 8 = -0*d - 2*d, -3*o - d + 16 = 0. Let m be 3*-27 + (-15)/o. Let p = m - -120. What is the tens digit of p?
3
Suppose -31*s + 35*s = -5*n + 8239, -4*s = -3*n + 4937. What is the hundreds digit of n?
6
Let t = -184 - -357. Let z = t - 84. What is the units digit of z?
9
Let d be (-66)/(-14) - (-14)/49. Let m(t) = 9*t - 36. What is the units digit of m(d)?
9
Let s(k) = 692*k - 174. What is the units digit of s(3)?
2
Let x be -2 - (6/(-3) + 75). Let z = -53 - x. What is the units digit of z?
2
Let g = 1 + 3. Suppose -g*n + 91 = -105. What is the tens digit of n?
4
Let t(z) be the second derivative of z**3/2 + z**2/2 + 2*z. Let n be t(1). Suppose -2*m = v - 19 + 4, -n*m + 37 = 3*v. What is the units digit of v?
7
Suppose -5 - 10 = -3*z. Suppose 0 = -z*q - 4 + 19. What is the units digit of q?
3
Let a(i) = 8*i**2 + 50*i - 56. Let c(z) = 3*z**2 + 17*z - 19. Let f(g) = -4*a(g) + 11*c(g). Let v = 155 - 143. What is the units digit of f(v)?
3
What is the tens digit of 153784/32 + 24/(-32)?
0
Suppose 33 = 56*h - 53*h. Let s = 61 + h. What is the units digit of s?
2
Let o = -502 - -1335. What is the hundreds digit of o?
8
Suppose -5*c = -20, -h + 15 = c + 2*c. Suppose h*r = 2*s + 42 + 79, -3*s = -12. What is the tens digit of r?
4
Let s(l) = l**3 - 6*l**2 + 5. Let o = -1 + 2. Suppose 0 = -r + o + 5. What is the units digit of s(r)?
5
Let z = 616 - 258. What is the tens digit of z?
5
Let h(j) = j**2 - 4*j + 128. Let n(l) = -2*l**2 + 8*l - 256. Let d(b) = 5*h(b) + 2*n(b). What is the hundreds digit of d(0)?
1
Let t(a) = -44 - 7*a - a**2 + 35*a + 9. What is the tens digit of t(18)?
4
Let g(o) = 14*o**2 + 0*o**3 - 10*o - o**3 + 339 - 323. What is the tens digit of g(13)?
5
Let w(x) = -x**3 + 14*x**2 - 20*x - 13. What is the units digit of w(10)?
7
Let o(q) = 28*q + 179. What is the units digit of o(5)?
9
Let r be 6/(-10) + 715/25. Suppose r*w - 26*w - 412 = 0. What is the hundreds digit of w?
2
Suppose 0 = -10*j + 7*j + 12. Suppose 5*t - 5*s = -3*s + 1274, j = -2*s. What is the hundreds digit of t?
2
Suppose -2 - 6 = -f. Suppose -a + 6*a + 5*m + 5 = 0, 4*m + f = -2*a. What is the units digit of a?
2
Suppose 5*l + 3820 = 5*p, -5*p + 10*p - 3817 = 2*l. What is the tens digit of p?
6
Let z(l) = l**2 - 24*l + 42. Let w be z(22). What is the tens digit of 0/(w + (0 - -1)) + 25?
2
Suppose -24*h = -28*h - 88. Suppose j + s + 48 = 0, 0*j - 4*j = 2*s + 194. Let o = h - j. What is the units digit of o?
7
Let y(c) be the second derivative of 2*c**3/3 - 5*c**2/2 - 30*c. Let r = 8 + 4. What is the units digit of y(r)?
3
Suppose 5*g = 4*v - 3436, 6*g = 5*g - 4. What is the hundreds digit of v?
8
Suppose -4*s + 9*s - 73 = -o, s = -5*o + 269. Let y be ((-10)/4)/((-1)/2). Suppose o + y = h. What is the units digit of h?
8
Let b(p) = -p**3 + 9*p**2 - 6*p - 11. Let i be b(8). Suppose 5*l + n - 233 = -n, i*n = l - 52. Suppose -y + l = 12. What is the units digit of y?
5
Suppose -3*h = 2*h. Let d be 4 + 13 + -7 + 3. Suppose d*r - 8*r - 40 = h. What is the units digit of r?
8
Suppose 217052 = 46*y - 3564. What is the units digit of y?
6
Suppose 6 = 5*b + 3*a, 5*b + 3*a = 7*a + 27. Suppose 5*w - 249 = -4*h, -2*w + 290 = b*h + 2*h. What is the units digit of h?
6
Let m(o) = 2*o - 9. Let b(n) = -n + 5. Let f(q) = -11*b(q) - 6*m(q). Let j(z) = 2*z**3 - 25*z**2 - 14*z + 4. Let d be j(13). What is the units digit of f(d)?
8
Suppose -1030*r - 22455 = -1039*r. What is the thousands digit of r?
2
Let n(h) = 10*h**2 + 7*h - 15. Let x be 24/30*(3 + 2/(-4)). What is the units digit of n(x)?
9
Let b = -789 - -896. What is the tens digit of b?
0
Let o be 398/5 + (-2)/(-5). Let n = o + -48. Suppose r - n = 3. What is the tens digit of r?
3
Suppose -2*g + 2 = k, 2*g + 0*k - 18 = 3*k. Suppose 2*m + 0*m = -o + 200, -g*m = o - 298. What is the units digit of m?
8
Let i be (-30)/(-12) - 1/(-2). Let u(t) = -t**2 + 10*t - 5. Let x be u(9). Suppose 49 = x*m + i*l, m + 4*l = 2*l + 6. What is the units digit of m?
6
Let f(i) = 4*i**3 - 5*i**3 + 6*i**2 + 2*i**3 + 3 - 7*i + 0*i**3. Let p be f(-7). Suppose 56 + 16 = p*o. What is the units digit of o?
4
Suppose -8 = -v - 6. Let j = -151 + 303. Suppose 2*s + v*g = s + 43, -4*s = 4*g - j. What is the tens digit of s?
3
Suppose 4*z = 4*m + 6252, 7*m - 4683 = -3*z + 12*m. What is the thousands digit of z?
1
Suppose -12*f + 560 = -7*f. Suppose 3*g - 2*g = f. What is the hundreds digit of g?
1
Suppose w = -w + c - 15, 2*w + 5*c + 9 = 0. Let i(u) = -19*u + 3. Let d(r) = 6*r - 1. Let y(g) = w*d(g) - 2*i(g). What is the tens digit of y(-3)?
1
Let i = 12 + -8. Suppose -4*s + 2*z = -12, 3*s = 2*s - i*z + 3. What is the tens digit of (s + (-21)/6)*-52?
2
Let j(a) = -7*a**3 - 22*a**2 + 41*a + 21. Let m(z) = 3*z**3 + 11*z**2 - 20*z - 11. Let d(p) = 2*j(p) + 5*m(p). What is the tens digit of d(-12)?
5
Let a be (45752/95 - 2/(-5)) + -4. Suppose -4*t + 8 = 0, -8*v + 4*v + 5*t + a = 0. What is the hundreds digit of v?
1
Let f = -101 - -176. What is the tens digit of f?
7
Let s(x) = 4*x**3 + 4*x**3 + 0*x**2 + 7*x**3 + x**2 + x. Let h be s(-1). What is the units digit of (-827)/h - (-18)/(-135)?
5
Let z(k) = -18*k**3 + k + 1. Let m(d) = -d - 4. Let o be m(-3). Let y be z(o). Let h = -10 + y. What is the units digit of h?
8
Let j be -24*(-7)/(63/6). Let o = j - -15. Let a = -10 + o. What is the tens digit of a?
2
Let h(u) = 21*u**2 - 16*u - 35. What is the units digit of h(-4)?
5
Suppose -1 = -5*d + g, -2*g + 4 = -3*d - 6*g. Suppose d = -4*f + 12 - 0. Suppose -v - 5*q + 6 = 0, -v - f*q + 2 = -12. What is the tens digit of v?
2
Suppose 2*t - f = -5*f + 50, 0 = -t + 5*f + 32. Suppose -25*z - 186 = -t*z. What is the tens digit of z?
9
Let k(i) = -i + 4. Let x be 4*6/16*2. Let y be (1 - x)/(18/63). What is the units digit of k(y)?
1
Let l(w) = -w**3 - 6*w**2 - 8*w - 25. What is the hundreds digit of l(-10)?
4
Let o(q) = -2*q + 1. Let m(k) = -k**3 + k + 1. Let g(h) = -h**3 - 3*h**2 - 4*h - 1. Let l(w) = -g(w) - m(w). Let a be l(-2). What is the tens digit of o(a)?
2
Let p(r) = 100*r - 327. What is the tens digit of p(19)?
7
Let k